3). Let a be -8*(-2 + (-3)/(-2)). What are the prime factors of (i/4)/((-3)/a)?
2, 3
Let l(o) = -o**2 + 2*o + 2. Let b be l(4). List the prime factors of (-6)/(-1)*(-9)/b.
3
Suppose 0*h + 979 = 5*g - h, 0 = 5*g + h - 981. List the prime factors of g.
2, 7
Let x(s) = s**3 - 2*s**2 - 3*s + 2. Let a be x(3). Suppose -3*k + 16 = -a*k. List the prime factors of k.
2
Let p(t) = -6*t - 4. Let y = 13 + -18. Let w be p(y). Let z = w + -16. What are the prime factors of z?
2, 5
Suppose 4*a + v = -v + 112, 5*v = -3*a + 77. List the prime factors of a.
29
Suppose -4*x = 3*b - 4, -4*b - 4*x = -4 - 4. List the prime factors of b.
2
Suppose -8*h = -3*h - 165. Suppose w + 29 = g, -w + h = g + 2*w. List the prime factors of g.
2, 3, 5
Let d = 10 + -20. Let r = -8 - d. What are the prime factors of 1/(-3 - (-7)/r)?
2
Let h(n) = -n**3 + 7*n**2 - 5. Let a be h(7). List the prime factors of a/15 - (-242)/6.
2, 5
Let p be (-22)/(-6) + (-4)/(-12). Let b(i) = i**2 - 4*i + 4. List the prime factors of b(p).
2
Suppose 4*m - 31 = -l + 37, 0 = 3*m + 4*l - 51. Suppose 36 = 2*n - 2*t - 6, 3*t + m = n. What are the prime factors of n?
23
Suppose 5*p - 6 - 24 = 0. Suppose p + 9 = 5*l. List the prime factors of l.
3
Let s(p) = -p**2 - 4*p - 3. Let d be s(-4). Let j(o) = -o**2 - 6*o - 6. Let q be j(-5). List the prime factors of d*(q - 15/9).
2
Let t(z) = 24*z**2 - 4*z - 19. List the prime factors of t(-3).
11, 19
Suppose 288 = -0*z - 2*z. Let l be 3/15 + z/(-5). Suppose 4*s - 2*r - 7 = -r, -4*r = 3*s - l. What are the prime factors of s?
3
Let o(m) = -m**2 + 23*m + 15. List the prime factors of o(12).
3, 7
Suppose 2*j = -2*t - 0*t + 72, -5*j = -3*t - 172. Suppose 2*g + 3*g = j. Let u = g + -3. What are the prime factors of u?
2
Let b(i) be the second derivative of i**4/6 - i**3/2 + 2*i**2 - 3*i. Let n be b(-3). Let a = n + -19. List the prime factors of a.
2, 3
Suppose 0*r + 6 = 2*r. Suppose -3*u + 0 = 3. List the prime factors of 6 + (r/(-3))/u.
7
Let n(w) = w**3 + 18*w**2 + 15*w - 14. List the prime factors of n(-17).
2, 5
Suppose -138*r + 135*r + 1014 = 0. List the prime factors of r.
2, 13
Suppose -3*y - 6 = -30. Suppose 0 = -3*j - v + 10, -y = 2*j - 3*v. Suppose j*i - 3*o = 24, 3*i - 6 = 3*o + 36. List the prime factors of i.
2, 3
Let j = 8 + -6. Suppose 3*l - 4*y - 18 = 4*l, 0 = -l - j*y - 10. Let c(x) = -2*x**3 - 3*x**2 - 2*x - 2. What are the prime factors of c(l)?
2, 3
Suppose -x - 30 = -3*y, -4*y + 2*x = x - 39. Let h be (2 - 15/y)*39. What are the prime factors of -3*(h/3)/(-1)?
13
Let f(m) = -2*m + 20. What are the prime factors of f(-12)?
2, 11
Let g(k) = -k**2 + 8*k - 7. Suppose 32 = 4*m + 4*z, -z = -m - 4*z. Let s be (-30)/4*(-8)/m. What are the prime factors of g(s)?
2
Let j(b) = -b**3 + 4*b**2 + 6*b - 5. Let y be j(5). Suppose y = i + 3*i - 88. What are the prime factors of i?
2, 11
Suppose -2*b - 16 + 0 = 0. List the prime factors of -74*(3 + 28/b).
37
Let n = 0 - -3. Suppose 5*u - n = r, 3 - 8 = -5*u. What are the prime factors of (1 + -2)*(r + -10)?
2
Suppose 4*g = -4*x + 12, 5*x - 9 = -3*g + 6. Let u = 5 - x. What are the prime factors of 11/3 + u/6?
2
Suppose -2*p + p = -5*l + 409, -3*p + 3 = 0. What are the prime factors of l?
2, 41
Suppose 8*o = 4*o + 284. What are the prime factors of o?
71
Let h(s) be the first derivative of -2*s + 2*s**2 - 4*s - 4*s**2 - 2 + 3*s. List the prime factors of h(-3).
3
Suppose -2*m = -4*p + 3*p - 25, 5*p + 5 = 0. Let z(c) = -c**2 + 13*c - 4. List the prime factors of z(m).
2
Let l(v) = -7*v + 0 + 2*v - v**2 + 2. Let b be l(-5). Suppose b = -0*q + q. What are the prime factors of q?
2
Let p(h) = h**2 - 5. What are the prime factors of p(4)?
11
Let u(v) = 7 + 3*v + 0*v - 2*v. What are the prime factors of u(-3)?
2
Let u(b) = -b**2 - 9*b + 8. Let v be u(-9). Suppose 12 = 2*x - v. What are the prime factors of x?
2, 5
Let l(z) = -z - 3. Let g(o) = -4*o - 9. Let m(h) = 6*g(h) - 17*l(h). List the prime factors of m(-6).
3, 13
Let t(o) = -84*o**2 + 14. Let u(y) = 28*y**2 - 5. Let i(p) = -4*t(p) - 11*u(p). List the prime factors of i(1).
3
Suppose 4*a - 28 + 8 = 0. Suppose 0 = -5*y - 2*c + 5, 5*y - c = -5*c - 5. Suppose -y*d = -26 + a. List the prime factors of d.
7
Let g(s) = 2*s - 6. Let p be g(8). Suppose 5*h - 30 = p. What are the prime factors of h?
2
Let o = -9 - -11. List the prime factors of o.
2
Let v be 3/(1 + 10/(-8)). Let r be (-3 + 0)*32/v. What are the prime factors of (-216)/(-22) - r/(-44)?
2, 5
Let l = 273 - 193. What are the prime factors of l?
2, 5
Suppose -26 = -3*o + 10. Let v be 2*((-6)/(-2) - 0). Let g = o - v. List the prime factors of g.
2, 3
Suppose 4*v = 1 - 5, 1613 = 4*k - v. List the prime factors of k.
13, 31
Let y = 4 - 1. Suppose -y*f + 7*f + 3*b + 9 = 0, f - 4*b + 7 = 0. What are the prime factors of (-6)/12*(-1 + f)?
2
Let x = 69 + -39. List the prime factors of x.
2, 3, 5
Suppose 5*i - 15 = -m, 0 = -4*m + 3*m + 2*i + 15. What are the prime factors of m?
3, 5
Let b = 4 + -2. Let f be b/7 - (-19)/7. Suppose -f*w = 3*x, -2*w = 2*w + 2*x - 10. List the prime factors of w.
5
Suppose -o = 4*x - 24, -x - 1 = -0. List the prime factors of o.
2, 7
Let h = 29 + 15. List the prime factors of h.
2, 11
Suppose b + 4 + 64 = 0. What are the prime factors of 10/(-15) - b/3?
2, 11
Let j = 18 - -77. What are the prime factors of j?
5, 19
Suppose 0 = 2*a - 0*a - 2, 7 = 2*l + 3*a. Suppose -l*h - 3 = -3*h. List the prime factors of h.
3
Let l = -19 + 7. Let z(f) = 3*f - 3. Let k be z(-6). Let w = l - k. What are the prime factors of w?
3
Let j(s) = 2*s - 3. Let f be j(4). Let b = f + 0. Suppose 2*p + n = -3*p + 18, -2*p - b*n = 2. What are the prime factors of p?
2
Suppose j - 4*d + 18 = -0*j, 4*j + 9 = -5*d. Let i = 10 + j. What are the prime factors of i?
2
Suppose -b + 11 = -0*b. Suppose 0 = -3*g + 1 + b. Let n(i) = i**3 - 4*i**2 + 5*i - 6. List the prime factors of n(g).
2, 7
Let r(s) = -14*s + 8. Let c be r(-4). Suppose v - 3*v + c = -4*g, g = -2*v + 84. List the prime factors of v.
2, 5
Let p = -4 + 7. Suppose 3*w + p = 78. List the prime factors of w.
5
Suppose 2*c - 79 = -r, -5*c - 3*r + 0*r + 199 = 0. List the prime factors of c.
2, 19
Let k = 218 + -53. List the prime factors of k.
3, 5, 11
Let p(f) = 35*f**2 - 1. List the prime factors of p(2).
139
Let g = 356 + -191. What are the prime factors of g?
3, 5, 11
Let d(l) = 5*l - 2. Let s be d(2). Suppose 0 = 3*v + v - s. What are the prime factors of ((-24)/15)/(v/(-5))?
2
Let o = -47 + 71. What are the prime factors of o?
2, 3
Let n = -4 + 5. What are the prime factors of 11 - n/2*-6?
2, 7
Let y be 0 - 2 - 14/(-2). Suppose -g - l + 9 + 4 = 0, -g + 7 = -y*l. Suppose 0*h = -3*h + g. What are the prime factors of h?
2
What are the prime factors of ((-1)/2)/(8/(-368))?
23
Suppose 3*d - 189 = o, 0*d - 4*d = -4*o - 260. What are the prime factors of d?
2, 31
Let z = 250 + -135. What are the prime factors of z?
5, 23
Let k(g) = -g**2 - 9*g + 12. Let h be k(-10). Suppose -3*f - h*i = -10, 4*f + 4 = -i + 9. Let q = 21 - f. What are the prime factors of q?
3, 7
Let v(b) = 2*b**2 + 6*b + 3. List the prime factors of v(-4).
11
Suppose 0*x = 4*x - 16. Suppose -2*r + 2*c = -12, -13 = -3*r + 2*c + 4. Let k = x + r. List the prime factors of k.
3
Suppose 4*u = -4*j - 4, 0*j = -5*u + j + 13. Suppose -62 = -4*t + 2*q, -3*q + u*q = 3. List the prime factors of t.
2, 7
Let u be 29/(-9) + 2/9. Let o be 6 + -3 + 10/1. Let m = o + u. What are the prime factors of m?
2, 5
Let m(h) be the second derivative of h**3/2 - 13*h**2/2 - 2*h. List the prime factors of m(9).
2, 7
Suppose 2*m - 5*m + 127 = t, 4*t + m = 475. Suppose i = -2*j + t, -j - 4*i + 73 = -0*j. What are the prime factors of j?
3, 19
Let c = -126 - -181. List the prime factors of c.
5, 11
Let l(r) be the third derivative of 7*r**5/60 + r**4/8 + r**3/2 + 2*r**2. What are the prime factors of l(-2)?
5
Suppose -t + 6*t - 55 = 0. What are the prime factors of t?
11
Suppose -4 - 2 = 2*h. Let y = -4 + h. Let j(t) = -3*t - 10. What are the prime factors of j(y)?
11
Suppose -2*v + 11 = -r, -v + 5*r + 7 + 12 = 0. Suppose -v*q + 4*p + 0*p = -44, -20 = -5*q - 2*p. List the prime factors of q.
2, 3
Let j(n) = 4*n**2 + 1. Let h = 6 + -5. Let t be j(h). Suppose -16 = -0*s - 2*s - 4*r, -3*s = t*r - 21. List the prime factors of 